 6175868111?
7, 882266873
What are the prime factors of 86030831?
43, 2000717
What are the prime factors of 27897503?
1907, 14629
What are the prime factors of 1045226787?
3, 11, 29, 1092191
What are the prime factors of 1084303711?
59, 18378029
List the prime factors of 191177330.
2, 5, 157, 263, 463
What are the prime factors of 3803371901?
7, 269, 2019847
What are the prime factors of 50482195?
5, 97, 104087
What are the prime factors of 36252459?
3, 89, 45259
What are the prime factors of 11585114?
2, 5792557
What are the prime factors of 35078456?
2, 7, 83, 7547
What are the prime factors of 5399174?
2, 11, 245417
List the prime factors of 46385853.
3, 15461951
What are the prime factors of 928062255?
3, 5, 5011, 12347
List the prime factors of 42991520.
2, 5, 11, 13, 1879
What are the prime factors of 91567724?
2, 3469, 6599
List the prime factors of 58638805.
5, 593, 19777
What are the prime factors of 94742781?
3, 7, 1613, 2797
List the prime factors of 49346009.
1049, 47041
What are the prime factors of 801165202?
2, 229, 1749269
List the prime factors of 1047329381.
7, 19, 1124951
What are the prime factors of 13306132?
2, 7, 475219
What are the prime factors of 2121783465?
3, 5, 23, 6150097
What are the prime factors of 34416193?
7, 311, 15809
List the prime factors of 688589610.
2, 3, 5, 37, 620351
What are the prime factors of 203589433?
17, 11975849
List the prime factors of 21321363.
3, 7, 19, 53437
What are the prime factors of 27473463?
3, 3052607
What are the prime factors of 31291842?
2, 3, 997, 5231
What are the prime factors of 69814979?
13, 1549, 3467
List the prime factors of 1934016655.
5, 349, 839, 1321
List the prime factors of 31740378.
2, 3, 5290063
List the prime factors of 76409117.
41, 1863637
What are the prime factors of 1088995748?
2, 8539, 31883
List the prime factors of 97269654.
2, 3, 29, 239, 2339
What are the prime factors of 262310763?
3, 11, 13, 617, 991
List the prime factors of 4638114524.
2, 1159528631
List the prime factors of 70265842.
2, 379, 92699
List the prime factors of 54781752.
2, 3, 17, 134269
List the prime factors of 60827449.
1619, 37571
What are the prime factors of 11250556?
2, 2812639
What are the prime factors of 122481913?
199, 211, 2917
List the prime factors of 1501270225.
5, 7, 13, 659899
List the prime factors of 24430728.
2, 3, 7, 31, 4691
List the prime factors of 121375659.
3, 67, 603859
List the prime factors of 146623172.
2, 233, 157321
What are the prime factors of 2325953420?
2, 5, 7, 43, 386371
List the prime factors of 145816926.
2, 3, 37, 656833
List the prime factors of 513536800.
2, 5, 7, 91703
What are the prime factors of 5731829134?
2, 31, 97, 953081
List the prime factors of 2148261322.
2, 263, 4084147
List the prime factors of 2333276032.
2, 23, 792553
What are the prime factors of 777458509?
101, 313, 24593
What are the prime factors of 6654919129?
181, 2029, 18121
What are the prime factors of 5301109338?
2, 3, 7, 709, 178021
List the prime factors of 950324385.
3, 5, 63354959
List the prime factors of 119739700.
2, 5, 997, 1201
List the prime factors of 12333037.
23, 536219
List the prime factors of 185394.
2, 3, 11, 53
List the prime factors of 4813588632.
2, 3, 59, 3399427
What are the prime factors of 609085472?
2, 19033921
What are the prime factors of 292833980?
2, 5, 14641699
List the prime factors of 142168189.
433, 328333
What are the prime factors of 886787135?
5, 13, 13642879
List the prime factors of 2945347990.
2, 5, 13, 22656523
List the prime factors of 100007114.
2, 50003557
List the prime factors of 2019306257.
17, 118782721
List the prime factors of 2004279130.
2, 5, 7, 28632559
What are the prime factors of 227701018?
2, 2027, 56167
List the prime factors of 219331766.
2, 109665883
What are the prime factors of 1674217093?
31, 983, 54941
List the prime factors of 1858132438.
2, 929066219
What are the prime factors of 131242850?
2, 5, 2624857
List the prime factors of 860493570.
2, 3, 5, 28683119
List the prime factors of 15394226.
2, 7697113
List the prime factors of 318762351.
3, 197, 59929
What are the prime factors of 224519?
17, 47, 281
List the prime factors of 305512438.
2, 7, 11, 19, 193, 541
What are the prime factors of 22609835?
5, 1487, 3041
List the prime factors of 30786993.
3, 313, 3643
List the prime factors of 107453586.
2, 3, 17908931
List the prime factors of 73969364.
2, 7, 37, 71399
List the prime factors of 52803308.
2, 23, 61, 97
List the prime factors of 10510074.
2, 3, 64877
List the prime factors of 685607875.
5, 17, 19, 16981
What are the prime factors of 983905670?
2, 5, 11, 8944597
List the prime factors of 62733417.
3, 17, 1230067
List the prime factors of 588216183.
3, 196072061
List the prime factors of 298877533.
298877533
What are the prime factors of 2463732666?
2, 3, 53, 860843
List the prime factors of 689364204.
2, 3, 57447017
What are the prime factors of 7342596259?
17, 821, 526087
What are the prime factors of 138022602?
2, 3, 31, 742057
What are the prime factors of 5825137?
853, 6829
List the prime factors of 57556516.
2, 53, 83, 3271
List the prime factors of 445630153.
29, 15366557
What are the prime factors of 153499916?
2, 38374979
List the prime factors of 222280149.
3, 7, 13, 814213
What are the prime factors of 229024994?
2, 11, 193, 53939
What are the prime factors of 566070987?
3, 188690329
List the prime factors of 57927977.
37, 71, 22051
List the prime factors of 6612803.
601, 11003
List the prime factors of 852063610.
2, 5, 85206361
List the prime factors of 719007294.
2, 3, 3391, 35339
List the prime factors of 618713838.
2, 3, 53, 773, 839
List the prime factors of 1563424.
2, 48857
List the prime factors of 38683514.
2, 131, 147647
List the prime factors of 1337032684.
2, 13, 353, 431
List the prime factors of 215503418.
2, 13, 8288593
List the prime factors of 74661496.
2, 7, 13, 23
List the prime factors of 1545863452.
2, 7, 55209409
List the prime factors of 789214705.
5, 157842941
List the prime factors of 301126598.
2, 150563299
List the prime factors of 330236868.
2, 3, 13, 2116903
List the prime factors of 669264481.
101, 6626381
What are the prime factors of 109900430?
2, 5, 29, 378967
What are the prime factors of 19574124?
2, 3, 1631177
What are the prime factors of 901759173?
3, 7, 157, 479, 571
What are the prime factors of 3270121934?
2, 1635060967
What are the prime factors of 46870281?
3, 353, 14753
What are the prime factors of 229244673?
3, 7, 10916413
List the prime factors of 358438178.
2, 7, 283, 90469
What are the prime factors of 2915464697?
2915464697
What are the prime factors of 45437793?
3, 89, 170179
List the prime factors of 24916870.
2, 5, 11, 31, 7307
List the prime factors of 483299741.
131, 3689311
List the prime factors of 32346660.
2, 3, 5, 539111
What are the prime factors of 515965622?
2, 29, 8895959
What are the prime factors of 74049853?
313, 359, 659
List the prime factors of 2844336063.
3, 948112021
What are the prime factors of 1736377190?
2, 5, 6271, 27689
What are the prime factors of 4100533802?
2, 389, 5270609
List the prime factors of 2832111523.
2832111523
What are the prime factors of 234288153?
3, 11, 788849
What are the prime factors of 495089069?
229, 1277, 1693
List the prime factors of 4264247.
13, 29, 11311
What are the prime factors of 718262717?
718262717
List the prime factors of 1630575785.
5, 821, 397217
List the prime factors of 576919292.
2, 73, 1975751
What are the prime factors of 27393680?
2, 5, 342421
What are the prime factors of 586295917?
21701, 27017
What are the prime factors of 2670398454?
2, 3, 17, 419, 62483
What are the prime factors of 926126542?
2, 11, 29, 1451609
What are the prime factors of 95525341?
113, 845357
List the prime factors of 77641499.
13, 17, 257, 1367
List the prime factors of 46383244.
2, 1013, 11447
What are the prime factors of 1962949496?
2, 71, 3455897
What are the prime factors of 1235456309?
2113, 584693
What are the prime factors of 871629722?
2, 131, 3326831
List the prime factors of 5432071376.
2, 4919, 69019
What are the prime factors of 53982900?
2, 3, 5, 59981
What are the prime factors of 29260092?
2, 3, 2438341
What are the prime factors of 558618585?
3, 5, 7, 421, 12637
Wha